9. What is the greatest common factor of 5 and v?
5
Let a(k) = 31*k**2 - 3*k + 3. Let n be a(1). What is the highest common factor of 31 and n?
31
Let i = 58 - 25. Let u = 3 - -8. What is the highest common divisor of i and u?
11
Let m be (-16)/7*(0 + -7). Calculate the greatest common divisor of m and 16.
16
Suppose -57 = -l + 13. Calculate the greatest common divisor of 20 and l.
10
Let x be (-2)/(-10) - (-219)/5. Suppose 0*w + w - x = 0. Calculate the highest common divisor of w and 11.
11
Suppose -17 + 67 = 5*u. Calculate the highest common divisor of 50 and u.
10
Suppose -5*i + 2*i = -198. What is the greatest common divisor of 44 and i?
22
Let i be (-1 - -1) + (4 - 6). Suppose 65 = 4*j - q + 4, -3*q - 29 = -j. Let l be (-1 - 1*i)*j. What is the greatest common divisor of l and 21?
7
Suppose 0 = 5*k + 5*m - 35, -5*k + 5*m - 5 - 10 = 0. Suppose -q + 0 = -k. Calculate the highest common factor of 12 and q.
2
Let v(s) = -s**2 + 7*s + 4. Let f be v(5). Let m = 26 - f. Let u = -1 + 4. Calculate the greatest common divisor of u and m.
3
Suppose 0 = -16*d + 19*d - 15. What is the highest common divisor of d and 20?
5
Let c(l) = l + 1. Let q be c(11). Suppose 2*d + 1 = 4*g - 7, -q = -4*g + d. Suppose -u - 8 = -3*u. What is the highest common divisor of g and u?
4
Let r be 10 - (4/(-18) - (-2)/9). Calculate the greatest common divisor of r and 10.
10
Let g be 42/1 + (-2)/1. Calculate the greatest common factor of g and 16.
8
Let w be (1 + -4 - -2) + 31. Let y = -18 + w. Suppose 4*h - y = 36. What is the greatest common factor of 8 and h?
4
Suppose 6*h - h = 25. Calculate the highest common factor of h and 15.
5
Suppose -127 = 2*m + 17. Let h = -16 - m. Calculate the highest common divisor of 7 and h.
7
Let y be (-9)/15 + (-66)/(-10). Calculate the highest common divisor of 30 and y.
6
Suppose 77 = 3*k + i, k = 4*i + 4 + 13. Let o(z) = z**2 - 4*z - 2. Let l be o(4). Let h be 1 + (4 - 2 - l). What is the greatest common divisor of h and k?
5
Suppose 0*f - 5*f = -320. Suppose 0*k - 16 = -k. What is the greatest common factor of f and k?
16
Let r be (0 + 0)*(-6)/6. Suppose 3*a - 33 + r = 0. What is the highest common factor of a and 110?
11
Let a(l) = -l**3 - 9*l**2 - 6*l + 10. Let u be a(-7). Let f = 38 - u. What is the highest common factor of 12 and f?
12
Let k(h) = 9*h**2 - 1. Let q be k(1). Suppose -l + 3*x = l - 89, 5*l - 3*x = 209. What is the highest common divisor of q and l?
8
Let d(m) = -4*m**3 + m - 1. Let l be d(1). Let u be l/6 + (-70)/(-6). Let w = u + -7. Calculate the highest common divisor of 12 and w.
4
Let w(v) = v**2 + 2*v - 6. Let p be w(3). What is the highest common divisor of p and 36?
9
Suppose 5*h - 11 - 69 = 0. Suppose 0*l + 5*l = 20. Calculate the greatest common factor of l and h.
4
Let n be ((-275)/10)/(4/(-8)). Calculate the highest common factor of n and 22.
11
Suppose 5*d - 834 - 166 = 0. Suppose 4*g = 5*i - 32, -g = -2*i + g + 14. Let n be d/12 - i/6. What is the greatest common factor of n and 80?
16
Let s be 2/6 - (-214)/6. Suppose -3*x - 6 = -5*x, -4*q = 2*x - 54. What is the highest common factor of s and q?
12
Suppose -x = -4*x + 42. Calculate the highest common factor of x and 42.
14
Suppose 0 = -u + 2*r + 28, 0*u + 4*u = -2*r + 62. What is the highest common factor of 144 and u?
18
Let p be 5 + -2 - (-2 + 2). Suppose r = 2*u + 189, -u - p*u = 5*r - 945. What is the highest common divisor of 21 and r?
21
Let v = 4 - 7. Let p be (16/v)/(4/(-30)). Let g(i) = 2*i**2 - 6*i + 12. Let q be g(4). Calculate the highest common factor of q and p.
20
Suppose -5*g = 5*l - 4*g - 110, 3*g = -2*l + 31. Suppose -4*c - 3*i + 260 = i, -2*i = 3*c - 199. What is the highest common factor of l and c?
23
Let t = -8 + 11. Suppose -12 = -4*h + t*h. Suppose 0*p - p = -96. What is the highest common divisor of p and h?
12
Let i(q) = -q - 4. Let l(y) = y**3 + 7*y**2 + 7*y. Let s be l(-6). Let m be i(s). What is the highest common divisor of 18 and m?
2
Suppose -4*s = -2*x + 28, 5*s + 4*x + 24 = 2. Let i = s - -7. Calculate the greatest common factor of 8 and i.
1
Suppose -n - 35 = -95. Suppose 4*q = 6*q. Suppose q*f - f + 24 = 0. What is the highest common divisor of f and n?
12
Suppose -4*z + 12 = 0, 0 = 6*j - 2*j - 4*z - 64. Calculate the greatest common factor of j and 152.
19
Let p = 5 + 8. Calculate the greatest common factor of p and 13.
13
Suppose -4*s = s - 50. Calculate the greatest common factor of 25 and s.
5
Let b(f) = 9*f + 15. Let t be b(-14). Let s = t - -231. What is the greatest common factor of 15 and s?
15
Let z be (-11 + 10)/(1/(-7)). Calculate the greatest common divisor of z and 168.
7
Let p be ((-3)/(-1))/(3/2). Suppose -10 = -3*i + p. Suppose -i*m = -8*m + 532. What is the highest common factor of 19 and m?
19
Suppose -i = 4*l - 86, 5*i = -5 + 15. Suppose -p - 168 = -3*p. What is the highest common factor of l and p?
21
Let o = -7 + 9. Suppose 500 = o*k + 40. Suppose 4*g - 2*g - k = 0. What is the greatest common factor of g and 46?
23
Suppose 0*n + n - 109 = -2*c, 3*c + 4*n - 176 = 0. Let f = -11 + 24. What is the highest common divisor of c and f?
13
Suppose x = 2*x - 2. Suppose -c = -x*c + 39. What is the greatest common factor of c and 13?
13
Let y = -10 + 12. Let t(n) = 4*n + 1. Let s be t(y). What is the greatest common divisor of 72 and s?
9
Suppose m - 10 = 6. Calculate the greatest common factor of 16 and m.
16
Suppose -25 = -5*u - 2*t, 0 = -3*u - u - 2*t + 22. Suppose -3*q - d = -2 + 4, -7 = u*q + 2*d. Calculate the highest common factor of q and 8.
1
Suppose 0 = -2*x + 14. Let y be (x + 1)*(-33)/(-12). What is the greatest common factor of y and 198?
22
Suppose 0 = -h - 4*h + 135. Let m = h - 14. What is the highest common factor of m and 13?
13
Let j(v) = v**3 + 14*v**2 - 3*v - 30. Let s be j(-14). What is the greatest common factor of 108 and s?
12
Suppose -b - 1 = -l, 3 = 3*b + 5*l - 2. Suppose b = -2*v + 5*u + 56, -5*v = u - 3*u - 161. Calculate the highest common factor of v and 3.
3
Let h(x) = x**2 + 10*x. Let d be h(-10). Suppose -5*b + 76 = 2*n + 2*n, d = -5*n + 20. Calculate the highest common divisor of b and 4.
4
Suppose -12 = -3*r - 3*c + 21, r - 14 = -4*c. What is the highest common factor of r and 5?
5
Let i be (5/(-6))/((-4)/24). Let x = 19 - i. What is the highest common divisor of 28 and x?
14
Suppose 37 = -2*s + 73. What is the greatest common factor of 9 and s?
9
Let r(x) be the third derivative of 5*x**4/24 + x**3/6 - 2*x**2. Let z be r(2). What is the highest common factor of 88 and z?
11
Suppose -32 = 9*n - 11*n. What is the highest common divisor of n and 16?
16
Suppose 2*a = 2*i + 2*i - 12, i - 13 = -2*a. Suppose -4*f = 4*o - 80, i*o + 5*f = o + 84. What is the highest common divisor of 16 and o?
16
Let m(r) = -r**3 - 4*r**2 - 5*r + 4. Let x be m(-4). Suppose -4*z - o = -245, -4*z - 5*o = -2*z - 145. What is the greatest common divisor of x and z?
12
Let c be 1 + 30 - (3 - 2). What is the greatest common factor of 6 and c?
6
Let s be (0 - -1)*-2 + 2. Let g be 0*(0 + 2/4). Suppose 0*c + 3*c = g, s = -w - 5*c + 8. What is the greatest common divisor of 32 and w?
8
Let q(g) = 6*g**2 + 3*g - 4. Let i be q(-4). Let w be (6/(-4))/((-3)/40). Calculate the greatest common factor of i and w.
20
Let p be 0 + 29 + (1 - 3). Let x = p + -18. Suppose i + 36 = 3*i. Calculate the greatest common divisor of x and i.
9
Suppose 0 = -3*d + 52 - 1318. Let c be d/(-22) - 26/143. What is the greatest common divisor of 133 and c?
19
Let v(j) = -j**2 - 17*j + 3. Let k be v(-15). What is the highest common divisor of 22 and k?
11
Suppose 0*t + 6 = -t. Let b be 169/3 + t/18. Let d(r) = -r**3 - 6*r**2 - 7*r - 2. Let y be d(-5). Calculate the highest common divisor of y and b.
8
Suppose -2*s = -0*s - 36. What is the highest common divisor of s and 144?
18
Let f be 2/8 - 5435/(-20). Let j be f*((-2)/4 + 1). Let d be 2*2/((-4)/(-17)). What is the greatest common factor of d and j?
17
Let p(g) = g**2 - g + 1. Let w be 3/(-3) + 2 - -1. Let l be 65/(-25) - w/5. Let n be p(l). Calculate the highest common factor of n and 143.
13
Let j(m) = m**2 - m + 5. Let n be j(4). Suppose 17 = 35*z - 34*z. What is the highest common factor of z and n?
17
Let d be (-2)/3*522/(-12). Suppose -3*m = -4*m + d. Calculate the hi